{"id":341,"date":"2022-02-03T15:03:30","date_gmt":"2022-02-03T14:03:30","guid":{"rendered":"https:\/\/hotelduprintemps.fr\/new\/situation\/"},"modified":"2022-02-21T11:31:31","modified_gmt":"2022-02-21T10:31:31","slug":"location","status":"publish","type":"page","link":"https:\/\/www.hotelduprintemps.fr\/en\/location\/","title":{"rendered":"Situation"},"content":{"rendered":"\n\t<section class=\"section\" id=\"section_334103494\">\n\t\t<div class=\"bg section-bg fill bg-fill  bg-loaded\" >\n\n\t\t\t\n\t\t\t\n\t\t\t\n\n\t\t<\/div>\n\n\t\t<div class=\"section-content relative\">\n\t\t\t\n\n\n\n<iframe loading=\"lazy\" width=\"100%\" height=\"300\" frameborder=\"0\" scrolling=\"no\" marginheight=\"0\" marginwidth=\"0\" src=\"https:\/\/maps.google.fr\/maps?f=q&amp;source=s_q&amp;hl=fr&amp;q=1+Rue+de+l'Isly,+75009+Paris,+%C3%8Ele-de-France&amp;aq=&amp;sll=48.447424,1.375118&amp;sspn=1.621441,3.56781&amp;ie=UTF8&amp;geocode=FUjF6QId5oAjAA&amp;split=0&amp;hq=&amp;hnear=1+Rue+de+l'Isly,+75009+Paris,+%C3%8Ele-de-France&amp;t=m&amp;ll=48.874538,2.32584&amp;spn=0.019758,0.036478&amp;z=14&amp;output=embed\"><\/iframe>\n\n\n\t\t<\/div>\n\n\t\t\n<style>\n#section_334103494 {\n  padding-top: 0px;\n  padding-bottom: 0px;\n  min-height: 300px;\n}\n<\/style>\n\t<\/section>\n\t\n\t<section class=\"section\" id=\"section_1471663460\">\n\t\t<div class=\"bg section-bg fill bg-fill  bg-loaded\" >\n\n\t\t\t\n\t\t\t\n\t\t\t\n\n\t\t<\/div>\n\n\t\t<div class=\"section-content relative\">\n\t\t\t\n\n<div class=\"row\"  id=\"row-242090784\">\n\n\n\t<div id=\"col-142977469\" class=\"col small-12 large-12\"  >\n\t\t\t\t<div class=\"col-inner\"  >\n\t\t\t\n\t\t\t\n\n<h1 class=\"uppercase\" style=\"text-align: center;\">LOCATION OF THE Hotel du Printemps Paris<\/h1>\n<h2 class=\"thin-font\" style=\"text-align: center; font-size:22px\"> Saint-Lazare, Op\u00e9ra Garnier, Madeleine, department stores.<\/h2>\n\n\t\t<\/div>\n\t\t\t\t\t<\/div>\n\n\t\n\n<\/div>\n<div class=\"row\"  id=\"row-573951585\">\n\n\n\t<div id=\"col-529397355\" class=\"col medium-6 small-12 large-6\"  data-animate=\"fadeInLeft\">\n\t\t\t\t<div class=\"col-inner\"  >\n\t\t\t\n\t\t\t\n\n\t<div class=\"img has-hover x md-x lg-x y md-y lg-y\" id=\"image_759645543\">\n\t\t\t\t\t\t\t\t<div class=\"img-inner dark\" >\n\t\t\t<img decoding=\"async\" width=\"1020\" height=\"661\" src=\"https:\/\/www.hotelduprintemps.fr\/wp-content\/uploads\/2021\/12\/gare-saint-lazare-hotel-du-printemps-1024x664.jpg\" class=\"attachment-large size-large\" alt=\"Gare Saint Lazare H\u00f4tel du Printemps Paris 8\" srcset=\"https:\/\/www.hotelduprintemps.fr\/wp-content\/uploads\/2021\/12\/gare-saint-lazare-hotel-du-printemps-1024x664.jpg 1024w, https:\/\/www.hotelduprintemps.fr\/wp-content\/uploads\/2021\/12\/gare-saint-lazare-hotel-du-printemps-300x195.jpg 300w, https:\/\/www.hotelduprintemps.fr\/wp-content\/uploads\/2021\/12\/gare-saint-lazare-hotel-du-printemps-768x498.jpg 768w, https:\/\/www.hotelduprintemps.fr\/wp-content\/uploads\/2021\/12\/gare-saint-lazare-hotel-du-printemps.jpg 1200w\" sizes=\"(max-width: 1020px) 100vw, 1020px\" \/>\t\t\t\t\t\t\n\t\t\t\t\t<\/div>\n\t\t\t\t\t\t\t\t\n<style>\n#image_759645543 {\n  width: 100%;\n}\n<\/style>\n\t<\/div>\n\t\n\n<p>Hotel du Printemps is located in the heart of Paris, in the business area of Saint Lazare, the Opera Garnier, Madeleine, and very near the department stores Printemps and Galeries Lafayette, the Grands Boulevards and the main museums.<\/p>\n\n\t\t<\/div>\n\t\t\t\t\t<\/div>\n\n\t\n\n\t<div id=\"col-1233565699\" class=\"col medium-6 small-12 large-6\"  data-animate=\"fadeInRight\">\n\t\t\t\t<div class=\"col-inner\"  >\n\t\t\t\n\t\t\t\n\n<h3>PUBLIC TRANSPORT\u00a0<\/h3>\n<p><strong>RER A :<\/strong> Station Auber &#8211; 20 minutes to Paris La D\u00e9fense &#8211; 30 minutes to Parc des expositions Paris Nord Villepinte &#8211; 40 minutes to Disneyland Paris <\/p>\n<p><strong>RER E :<\/strong> Station Haussmann St Lazare &#8211; 15 minutes to Gare du Nord Eurostar <\/p>\n<p><strong>METRO ligne 14 :<\/strong> Station St Lazare &#8211; 20 minutes to Biblioth\u00e8que Fran\u00e7ois Mitterand<\/p>\n<p><strong>METRO lignes 3, 12 et 13:<\/strong> Station St Lazare et Havre Caumartin (ligne 9) &#8211; 25 minutes to Paris Expo Porte de Versailles<\/p>\n<p><strong>BUS :<\/strong> 20, 21, 22, 26, 27, 28, 29, 32, 42, 43, 66, 80, 94, 95 <\/p>\n<p><strong>Transilien lignes J et L:<\/strong> station Saint Lazare &#8211; 25 minutes to Ch\u00e2teau de Versailles &#8211; 45 minutes to Fondation Claude Monet (Giverny) <\/p>\n<p><strong>Roissy Charles de Gaulle Airport:<\/strong> ROISSYBUS Op\u00e9ra <\/p>\n<p><strong>Orly Airport :<\/strong> By bus, RER or Orlyval\u00a0<\/p>\n<p>Public parking nearby<\/p>\n\n\t\t<\/div>\n\t\t\t\t\t<\/div>\n\n\t\n\n<\/div>\n\n\t\t<\/div>\n\n\t\t\n<style>\n#section_1471663460 {\n  padding-top: 30px;\n  padding-bottom: 30px;\n}\n<\/style>\n\t<\/section>\n\t\n\n","protected":false},"excerpt":{"rendered":"","protected":false},"author":1,"featured_media":0,"parent":0,"menu_order":0,"comment_status":"closed","ping_status":"closed","template":"page-blank.php","meta":{"footnotes":""},"class_list":["post-341","page","type-page","status-publish","hentry"],"yoast_head":"<!-- This site is optimized with the Yoast SEO plugin v19.9 - https:\/\/yoast.com\/wordpress\/plugins\/seo\/ -->\n<title>Location of the Hotel du Printemps Paris - Op\u00e9ra - Gare Saint Lazare<\/title>\n<meta name=\"description\" content=\"Location of the Hotel du Printemps Paris *** - Opera Saint Lazare\" \/>\n<meta name=\"robots\" content=\"index, follow, max-snippet:-1, max-image-preview:large, max-video-preview:-1\" \/>\n<link rel=\"canonical\" href=\"https:\/\/www.hotelduprintemps.fr\/en\/location\/\" \/>\n<meta property=\"og:locale\" content=\"en_US\" \/>\n<meta property=\"og:type\" content=\"article\" \/>\n<meta property=\"og:title\" content=\"Location of the Hotel du Printemps Paris - Op\u00e9ra - Gare Saint Lazare\" \/>\n<meta property=\"og:description\" content=\"Location of the Hotel du Printemps Paris *** - Opera Saint Lazare\" \/>\n<meta property=\"og:url\" content=\"https:\/\/www.hotelduprintemps.fr\/en\/location\/\" \/>\n<meta property=\"og:site_name\" content=\"H\u00f4tel du Printemps\" \/>\n<meta property=\"article:modified_time\" content=\"2022-02-21T10:31:31+00:00\" \/>\n<meta name=\"twitter:card\" content=\"summary_large_image\" \/>\n<meta name=\"twitter:label1\" content=\"Est. reading time\" \/>\n\t<meta name=\"twitter:data1\" content=\"1 minute\" \/>\n<script type=\"application\/ld+json\" class=\"yoast-schema-graph\">{\"@context\":\"https:\/\/schema.org\",\"@graph\":[{\"@type\":\"WebPage\",\"@id\":\"https:\/\/www.hotelduprintemps.fr\/en\/location\/\",\"url\":\"https:\/\/www.hotelduprintemps.fr\/en\/location\/\",\"name\":\"Location of the Hotel du Printemps Paris - Op\u00e9ra - Gare Saint Lazare\",\"isPartOf\":{\"@id\":\"https:\/\/www.hotelduprintemps.fr\/#website\"},\"datePublished\":\"2022-02-03T14:03:30+00:00\",\"dateModified\":\"2022-02-21T10:31:31+00:00\",\"description\":\"Location of the Hotel du Printemps Paris *** - Opera Saint Lazare\",\"breadcrumb\":{\"@id\":\"https:\/\/www.hotelduprintemps.fr\/en\/location\/#breadcrumb\"},\"inLanguage\":\"en-US\",\"potentialAction\":[{\"@type\":\"ReadAction\",\"target\":[\"https:\/\/www.hotelduprintemps.fr\/en\/location\/\"]}]},{\"@type\":\"BreadcrumbList\",\"@id\":\"https:\/\/www.hotelduprintemps.fr\/en\/location\/#breadcrumb\",\"itemListElement\":[{\"@type\":\"ListItem\",\"position\":1,\"name\":\"Accueil\",\"item\":\"https:\/\/www.hotelduprintemps.fr\/en\/\"},{\"@type\":\"ListItem\",\"position\":2,\"name\":\"Situation\"}]},{\"@type\":\"WebSite\",\"@id\":\"https:\/\/www.hotelduprintemps.fr\/#website\",\"url\":\"https:\/\/www.hotelduprintemps.fr\/\",\"name\":\"H\u00f4tel du Printemps\",\"description\":\"H\u00f4tel 3 \u00e9toiles de charme au coeur de Paris\",\"potentialAction\":[{\"@type\":\"SearchAction\",\"target\":{\"@type\":\"EntryPoint\",\"urlTemplate\":\"https:\/\/www.hotelduprintemps.fr\/?s={search_term_string}\"},\"query-input\":\"required name=search_term_string\"}],\"inLanguage\":\"en-US\"}]}<\/script>\n<!-- \/ Yoast SEO plugin. -->","yoast_head_json":{"title":"Location of the Hotel du Printemps Paris - Op\u00e9ra - Gare Saint Lazare","description":"Location of the Hotel du Printemps Paris *** - Opera Saint Lazare","robots":{"index":"index","follow":"follow","max-snippet":"max-snippet:-1","max-image-preview":"max-image-preview:large","max-video-preview":"max-video-preview:-1"},"canonical":"https:\/\/www.hotelduprintemps.fr\/en\/location\/","og_locale":"en_US","og_type":"article","og_title":"Location of the Hotel du Printemps Paris - Op\u00e9ra - Gare Saint Lazare","og_description":"Location of the Hotel du Printemps Paris *** - Opera Saint Lazare","og_url":"https:\/\/www.hotelduprintemps.fr\/en\/location\/","og_site_name":"H\u00f4tel du Printemps","article_modified_time":"2022-02-21T10:31:31+00:00","twitter_card":"summary_large_image","twitter_misc":{"Est. reading time":"1 minute"},"schema":{"@context":"https:\/\/schema.org","@graph":[{"@type":"WebPage","@id":"https:\/\/www.hotelduprintemps.fr\/en\/location\/","url":"https:\/\/www.hotelduprintemps.fr\/en\/location\/","name":"Location of the Hotel du Printemps Paris - Op\u00e9ra - Gare Saint Lazare","isPartOf":{"@id":"https:\/\/www.hotelduprintemps.fr\/#website"},"datePublished":"2022-02-03T14:03:30+00:00","dateModified":"2022-02-21T10:31:31+00:00","description":"Location of the Hotel du Printemps Paris *** - Opera Saint Lazare","breadcrumb":{"@id":"https:\/\/www.hotelduprintemps.fr\/en\/location\/#breadcrumb"},"inLanguage":"en-US","potentialAction":[{"@type":"ReadAction","target":["https:\/\/www.hotelduprintemps.fr\/en\/location\/"]}]},{"@type":"BreadcrumbList","@id":"https:\/\/www.hotelduprintemps.fr\/en\/location\/#breadcrumb","itemListElement":[{"@type":"ListItem","position":1,"name":"Accueil","item":"https:\/\/www.hotelduprintemps.fr\/en\/"},{"@type":"ListItem","position":2,"name":"Situation"}]},{"@type":"WebSite","@id":"https:\/\/www.hotelduprintemps.fr\/#website","url":"https:\/\/www.hotelduprintemps.fr\/","name":"H\u00f4tel du Printemps","description":"H\u00f4tel 3 \u00e9toiles de charme au coeur de Paris","potentialAction":[{"@type":"SearchAction","target":{"@type":"EntryPoint","urlTemplate":"https:\/\/www.hotelduprintemps.fr\/?s={search_term_string}"},"query-input":"required name=search_term_string"}],"inLanguage":"en-US"}]}},"_links":{"self":[{"href":"https:\/\/www.hotelduprintemps.fr\/en\/wp-json\/wp\/v2\/pages\/341","targetHints":{"allow":["GET"]}}],"collection":[{"href":"https:\/\/www.hotelduprintemps.fr\/en\/wp-json\/wp\/v2\/pages"}],"about":[{"href":"https:\/\/www.hotelduprintemps.fr\/en\/wp-json\/wp\/v2\/types\/page"}],"author":[{"embeddable":true,"href":"https:\/\/www.hotelduprintemps.fr\/en\/wp-json\/wp\/v2\/users\/1"}],"replies":[{"embeddable":true,"href":"https:\/\/www.hotelduprintemps.fr\/en\/wp-json\/wp\/v2\/comments?post=341"}],"version-history":[{"count":3,"href":"https:\/\/www.hotelduprintemps.fr\/en\/wp-json\/wp\/v2\/pages\/341\/revisions"}],"predecessor-version":[{"id":389,"href":"https:\/\/www.hotelduprintemps.fr\/en\/wp-json\/wp\/v2\/pages\/341\/revisions\/389"}],"wp:attachment":[{"href":"https:\/\/www.hotelduprintemps.fr\/en\/wp-json\/wp\/v2\/media?parent=341"}],"curies":[{"name":"wp","href":"https:\/\/api.w.org\/{rel}","templated":true}]}}

<section class="section" id="section_334103494">
		<div class="bg section-bg fill bg-fill  bg-loaded" >

			
			
			

		</div>

		<div class="section-content relative">
			



<iframe loading="lazy" width="100%" height="300" frameborder="0" scrolling="no" marginheight="0" marginwidth="0" src="https://maps.google.fr/maps?f=q&amp;source=s_q&amp;hl=fr&amp;q=1+Rue+de+l'Isly,+75009+Paris,+%C3%8Ele-de-France&amp;aq=&amp;sll=48.447424,1.375118&amp;sspn=1.621441,3.56781&amp;ie=UTF8&amp;geocode=FUjF6QId5oAjAA&amp;split=0&amp;hq=&amp;hnear=1+Rue+de+l'Isly,+75009+Paris,+%C3%8Ele-de-France&amp;t=m&amp;ll=48.874538,2.32584&amp;spn=0.019758,0.036478&amp;z=14&amp;output=embed"></iframe>


		</div>

		
<style>
#section_334103494 {
  padding-top: 0px;
  padding-bottom: 0px;
  min-height: 300px;
}
</style>
	</section>
	
	<section class="section" id="section_1471663460">
		<div class="bg section-bg fill bg-fill  bg-loaded" >

			
			
			

		</div>

		<div class="section-content relative">
			

<div class="row"  id="row-242090784">


	<div id="col-142977469" class="col small-12 large-12"  >
				<div class="col-inner"  >
			
			

<h1 class="uppercase" style="text-align: center;">LOCATION OF THE Hotel du Printemps Paris</h1>
<h2 class="thin-font" style="text-align: center; font-size:22px"> Saint-Lazare, Opéra Garnier, Madeleine, department stores.</h2>

		</div>
					</div>

	

</div>
<div class="row"  id="row-573951585">


	<div id="col-529397355" class="col medium-6 small-12 large-6"  data-animate="fadeInLeft">
				<div class="col-inner"  >
			
			

	<div class="img has-hover x md-x lg-x y md-y lg-y" id="image_759645543">
								<div class="img-inner dark" >
			<img decoding="async" width="1020" height="661" src="https://www.hotelduprintemps.fr/wp-content/uploads/2021/12/gare-saint-lazare-hotel-du-printemps-1024x664.jpg" class="attachment-large size-large" alt="Gare Saint Lazare Hôtel du Printemps Paris 8" srcset="https://www.hotelduprintemps.fr/wp-content/uploads/2021/12/gare-saint-lazare-hotel-du-printemps-1024x664.jpg 1024w, https://www.hotelduprintemps.fr/wp-content/uploads/2021/12/gare-saint-lazare-hotel-du-printemps-300x195.jpg 300w, https://www.hotelduprintemps.fr/wp-content/uploads/2021/12/gare-saint-lazare-hotel-du-printemps-768x498.jpg 768w, https://www.hotelduprintemps.fr/wp-content/uploads/2021/12/gare-saint-lazare-hotel-du-printemps.jpg 1200w" sizes="(max-width: 1020px) 100vw, 1020px" />						
					</div>
								
<style>
#image_759645543 {
  width: 100%;
}
</style>
	</div>
	

<p>Hotel du Printemps is located in the heart of Paris, in the business area of Saint Lazare, the Opera Garnier, Madeleine, and very near the department stores Printemps and Galeries Lafayette, the Grands Boulevards and the main museums.</p>

		</div>
					</div>

	

	<div id="col-1233565699" class="col medium-6 small-12 large-6"  data-animate="fadeInRight">
				<div class="col-inner"  >
			
			

<h3>PUBLIC TRANSPORT </h3>
<p><strong>RER A :</strong> Station Auber &#8211; 20 minutes to Paris La Défense &#8211; 30 minutes to Parc des expositions Paris Nord Villepinte &#8211; 40 minutes to Disneyland Paris </p>
<p><strong>RER E :</strong> Station Haussmann St Lazare &#8211; 15 minutes to Gare du Nord Eurostar </p>
<p><strong>METRO ligne 14 :</strong> Station St Lazare &#8211; 20 minutes to Bibliothèque François Mitterand</p>
<p><strong>METRO lignes 3, 12 et 13:</strong> Station St Lazare et Havre Caumartin (ligne 9) &#8211; 25 minutes to Paris Expo Porte de Versailles</p>
<p><strong>BUS :</strong> 20, 21, 22, 26, 27, 28, 29, 32, 42, 43, 66, 80, 94, 95 </p>
<p><strong>Transilien lignes J et L:</strong> station Saint Lazare &#8211; 25 minutes to Château de Versailles &#8211; 45 minutes to Fondation Claude Monet (Giverny) </p>
<p><strong>Roissy Charles de Gaulle Airport:</strong> ROISSYBUS Opéra </p>
<p><strong>Orly Airport :</strong> By bus, RER or Orlyval </p>
<p>Public parking nearby</p>

		</div>
					</div>

	

</div>

		</div>

		
<style>
#section_1471663460 {
  padding-top: 30px;
  padding-bottom: 30px;
}
</style>
	</section>

<!-- This site is optimized with the Yoast SEO plugin v19.9 - https://yoast.com/wordpress/plugins/seo/ -->
<title>Location of the Hotel du Printemps Paris - Opéra - Gare Saint Lazare</title>
<meta name="description" content="Location of the Hotel du Printemps Paris *** - Opera Saint Lazare" />
<meta name="robots" content="index, follow, max-snippet:-1, max-image-preview:large, max-video-preview:-1" />
<link rel="canonical" href="https://www.hotelduprintemps.fr/en/location/" />
<meta property="og:locale" content="en_US" />
<meta property="og:type" content="article" />
<meta property="og:title" content="Location of the Hotel du Printemps Paris - Opéra - Gare Saint Lazare" />
<meta property="og:description" content="Location of the Hotel du Printemps Paris *** - Opera Saint Lazare" />
<meta property="og:url" content="https://www.hotelduprintemps.fr/en/location/" />
<meta property="og:site_name" content="Hôtel du Printemps" />
<meta property="article:modified_time" content="2022-02-21T10:31:31+00:00" />
<meta name="twitter:card" content="summary_large_image" />
<meta name="twitter:label1" content="Est. reading time" />
	<meta name="twitter:data1" content="1 minute" />
<script type="application/ld+json" class="yoast-schema-graph">{"@context":"https://schema.org","@graph":[{"@type":"WebPage","@id":"https://www.hotelduprintemps.fr/en/location/","url":"https://www.hotelduprintemps.fr/en/location/","name":"Location of the Hotel du Printemps Paris - Opéra - Gare Saint Lazare","isPartOf":{"@id":"https://www.hotelduprintemps.fr/#website"},"datePublished":"2022-02-03T14:03:30+00:00","dateModified":"2022-02-21T10:31:31+00:00","description":"Location of the Hotel du Printemps Paris *** - Opera Saint Lazare","breadcrumb":{"@id":"https://www.hotelduprintemps.fr/en/location/#breadcrumb"},"inLanguage":"en-US","potentialAction":[{"@type":"ReadAction","target":["https://www.hotelduprintemps.fr/en/location/"]}]},{"@type":"BreadcrumbList","@id":"https://www.hotelduprintemps.fr/en/location/#breadcrumb","itemListElement":[{"@type":"ListItem","position":1,"name":"Accueil","item":"https://www.hotelduprintemps.fr/en/"},{"@type":"ListItem","position":2,"name":"Situation"}]},{"@type":"WebSite","@id":"https://www.hotelduprintemps.fr/#website","url":"https://www.hotelduprintemps.fr/","name":"Hôtel du Printemps","description":"Hôtel 3 étoiles de charme au coeur de Paris","potentialAction":[{"@type":"SearchAction","target":{"@type":"EntryPoint","urlTemplate":"https://www.hotelduprintemps.fr/?s={search_term_string}"},"query-input":"required name=search_term_string"}],"inLanguage":"en-US"}]}</script>
<!-- / Yoast SEO plugin. -->

Location of the Hotel du Printemps Paris - Opéra - Gare Saint Lazare

Hôtel du Printemps

Hôtel 3 étoiles de charme au coeur de Paris
